{"id":3065,"date":"2021-05-03T18:58:06","date_gmt":"2021-05-03T16:58:06","guid":{"rendered":"https:\/\/www.meylanfleurs.com\/?post_type=product&#038;p=3065"},"modified":"2023-03-27T16:46:22","modified_gmt":"2023-03-27T14:46:22","slug":"fete-des-meres","status":"publish","type":"product","link":"https:\/\/www.meylanfleurs.com\/de\/produit\/fete-des-meres\/","title":{"rendered":"Je t&#8217;aime Maman !"},"content":{"rendered":"<p>C\u00e9l\u00e9brez les Femmes avec cette d\u00e9licate composition florale de saison&#8230;<\/p>\n","protected":false},"excerpt":{"rendered":"<p>C\u00e9l\u00e9brez les Femmes avec cette d\u00e9licate composition florale de saison&#8230;<\/p>\n","protected":false},"featured_media":3076,"template":"","meta":{"_acf_changed":false},"product_brand":[],"product_cat":[71],"product_tag":[],"class_list":{"0":"post-3065","1":"product","2":"type-product","3":"status-publish","4":"has-post-thumbnail","6":"product_cat-classique","8":"first","9":"instock","10":"taxable","11":"shipping-taxable","12":"purchasable","13":"product-type-variable","14":"has-default-attributes"},"acf":[],"yoast_head":"<!-- This site is optimized with the Yoast SEO plugin v27.4 - https:\/\/yoast.com\/product\/yoast-seo-wordpress\/ -->\n<title>Je t&#039;aime Maman ! - Meylan Fleurs, Lausanne<\/title>\n<meta name=\"robots\" content=\"index, follow, max-snippet:-1, max-image-preview:large, max-video-preview:-1\" \/>\n<link rel=\"canonical\" href=\"https:\/\/www.meylanfleurs.com\/produit\/fete-des-meres\/\" \/>\n<meta property=\"og:locale\" content=\"de_DE\" \/>\n<meta property=\"og:type\" content=\"article\" \/>\n<meta property=\"og:title\" content=\"Je t&#039;aime Maman ! - Meylan Fleurs, Lausanne\" \/>\n<meta property=\"og:description\" content=\"C\u00e9l\u00e9brez les Femmes avec cette d\u00e9licate composition florale de saison&#8230;\" \/>\n<meta property=\"og:url\" content=\"https:\/\/www.meylanfleurs.com\/produit\/fete-des-meres\/\" \/>\n<meta property=\"og:site_name\" content=\"Meylan Fleurs, Lausanne\" \/>\n<meta property=\"article:modified_time\" content=\"2023-03-27T14:46:22+00:00\" \/>\n<meta property=\"og:image\" content=\"https:\/\/www.meylanfleurs.com\/wp-content\/uploads\/2021\/05\/gfdgfd-scaled.jpg\" \/>\n\t<meta property=\"og:image:width\" content=\"2422\" \/>\n\t<meta property=\"og:image:height\" content=\"2560\" \/>\n\t<meta property=\"og:image:type\" content=\"image\/jpeg\" \/>\n<meta name=\"twitter:card\" content=\"summary_large_image\" \/>\n<meta name=\"twitter:label1\" content=\"Est. reading time\" \/>\n\t<meta name=\"twitter:data1\" content=\"1 minute\" \/>\n<script type=\"application\/ld+json\" class=\"yoast-schema-graph\">{\"@context\":\"https:\\\/\\\/schema.org\",\"@graph\":[{\"@type\":\"WebPage\",\"@id\":\"https:\\\/\\\/www.meylanfleurs.com\\\/produit\\\/fete-des-meres\\\/\",\"url\":\"https:\\\/\\\/www.meylanfleurs.com\\\/produit\\\/fete-des-meres\\\/\",\"name\":\"Je t'aime Maman ! - Meylan Fleurs, Lausanne\",\"isPartOf\":{\"@id\":\"https:\\\/\\\/www.meylanfleurs.com\\\/#website\"},\"primaryImageOfPage\":{\"@id\":\"https:\\\/\\\/www.meylanfleurs.com\\\/produit\\\/fete-des-meres\\\/#primaryimage\"},\"image\":{\"@id\":\"https:\\\/\\\/www.meylanfleurs.com\\\/produit\\\/fete-des-meres\\\/#primaryimage\"},\"thumbnailUrl\":\"https:\\\/\\\/www.meylanfleurs.com\\\/wp-content\\\/uploads\\\/2021\\\/05\\\/gfdgfd-scaled.jpg\",\"datePublished\":\"2021-05-03T16:58:06+00:00\",\"dateModified\":\"2023-03-27T14:46:22+00:00\",\"breadcrumb\":{\"@id\":\"https:\\\/\\\/www.meylanfleurs.com\\\/produit\\\/fete-des-meres\\\/#breadcrumb\"},\"inLanguage\":\"de-DE\",\"potentialAction\":[{\"@type\":\"ReadAction\",\"target\":[\"https:\\\/\\\/www.meylanfleurs.com\\\/produit\\\/fete-des-meres\\\/\"]}]},{\"@type\":\"ImageObject\",\"inLanguage\":\"de-DE\",\"@id\":\"https:\\\/\\\/www.meylanfleurs.com\\\/produit\\\/fete-des-meres\\\/#primaryimage\",\"url\":\"https:\\\/\\\/www.meylanfleurs.com\\\/wp-content\\\/uploads\\\/2021\\\/05\\\/gfdgfd-scaled.jpg\",\"contentUrl\":\"https:\\\/\\\/www.meylanfleurs.com\\\/wp-content\\\/uploads\\\/2021\\\/05\\\/gfdgfd-scaled.jpg\",\"width\":2422,\"height\":2560},{\"@type\":\"BreadcrumbList\",\"@id\":\"https:\\\/\\\/www.meylanfleurs.com\\\/produit\\\/fete-des-meres\\\/#breadcrumb\",\"itemListElement\":[{\"@type\":\"ListItem\",\"position\":1,\"name\":\"Accueil\",\"item\":\"https:\\\/\\\/www.meylanfleurs.com\\\/de\\\/\"},{\"@type\":\"ListItem\",\"position\":2,\"name\":\"Shop\",\"item\":\"https:\\\/\\\/www.meylanfleurs.com\\\/de\\\/shop\\\/\"},{\"@type\":\"ListItem\",\"position\":3,\"name\":\"Je t&rsquo;aime Maman !\"}]},{\"@type\":\"WebSite\",\"@id\":\"https:\\\/\\\/www.meylanfleurs.com\\\/#website\",\"url\":\"https:\\\/\\\/www.meylanfleurs.com\\\/\",\"name\":\"Meylan Fleurs, Lausanne\",\"description\":\"Magasin de fleurs et atelier\",\"potentialAction\":[{\"@type\":\"SearchAction\",\"target\":{\"@type\":\"EntryPoint\",\"urlTemplate\":\"https:\\\/\\\/www.meylanfleurs.com\\\/?s={search_term_string}\"},\"query-input\":{\"@type\":\"PropertyValueSpecification\",\"valueRequired\":true,\"valueName\":\"search_term_string\"}}],\"inLanguage\":\"de-DE\"}]}<\/script>\n<!-- \/ Yoast SEO plugin. -->","yoast_head_json":{"title":"Je t'aime Maman ! - Meylan Fleurs, Lausanne","robots":{"index":"index","follow":"follow","max-snippet":"max-snippet:-1","max-image-preview":"max-image-preview:large","max-video-preview":"max-video-preview:-1"},"canonical":"https:\/\/www.meylanfleurs.com\/produit\/fete-des-meres\/","og_locale":"de_DE","og_type":"article","og_title":"Je t'aime Maman ! - Meylan Fleurs, Lausanne","og_description":"C\u00e9l\u00e9brez les Femmes avec cette d\u00e9licate composition florale de saison&#8230;","og_url":"https:\/\/www.meylanfleurs.com\/produit\/fete-des-meres\/","og_site_name":"Meylan Fleurs, Lausanne","article_modified_time":"2023-03-27T14:46:22+00:00","og_image":[{"width":2422,"height":2560,"url":"https:\/\/www.meylanfleurs.com\/wp-content\/uploads\/2021\/05\/gfdgfd-scaled.jpg","type":"image\/jpeg"}],"twitter_card":"summary_large_image","twitter_misc":{"Est. reading time":"1 minute"},"schema":{"@context":"https:\/\/schema.org","@graph":[{"@type":"WebPage","@id":"https:\/\/www.meylanfleurs.com\/produit\/fete-des-meres\/","url":"https:\/\/www.meylanfleurs.com\/produit\/fete-des-meres\/","name":"Je t'aime Maman ! - Meylan Fleurs, Lausanne","isPartOf":{"@id":"https:\/\/www.meylanfleurs.com\/#website"},"primaryImageOfPage":{"@id":"https:\/\/www.meylanfleurs.com\/produit\/fete-des-meres\/#primaryimage"},"image":{"@id":"https:\/\/www.meylanfleurs.com\/produit\/fete-des-meres\/#primaryimage"},"thumbnailUrl":"https:\/\/www.meylanfleurs.com\/wp-content\/uploads\/2021\/05\/gfdgfd-scaled.jpg","datePublished":"2021-05-03T16:58:06+00:00","dateModified":"2023-03-27T14:46:22+00:00","breadcrumb":{"@id":"https:\/\/www.meylanfleurs.com\/produit\/fete-des-meres\/#breadcrumb"},"inLanguage":"de-DE","potentialAction":[{"@type":"ReadAction","target":["https:\/\/www.meylanfleurs.com\/produit\/fete-des-meres\/"]}]},{"@type":"ImageObject","inLanguage":"de-DE","@id":"https:\/\/www.meylanfleurs.com\/produit\/fete-des-meres\/#primaryimage","url":"https:\/\/www.meylanfleurs.com\/wp-content\/uploads\/2021\/05\/gfdgfd-scaled.jpg","contentUrl":"https:\/\/www.meylanfleurs.com\/wp-content\/uploads\/2021\/05\/gfdgfd-scaled.jpg","width":2422,"height":2560},{"@type":"BreadcrumbList","@id":"https:\/\/www.meylanfleurs.com\/produit\/fete-des-meres\/#breadcrumb","itemListElement":[{"@type":"ListItem","position":1,"name":"Accueil","item":"https:\/\/www.meylanfleurs.com\/de\/"},{"@type":"ListItem","position":2,"name":"Shop","item":"https:\/\/www.meylanfleurs.com\/de\/shop\/"},{"@type":"ListItem","position":3,"name":"Je t&rsquo;aime Maman !"}]},{"@type":"WebSite","@id":"https:\/\/www.meylanfleurs.com\/#website","url":"https:\/\/www.meylanfleurs.com\/","name":"Meylan Fleurs, Lausanne","description":"Magasin de fleurs et atelier","potentialAction":[{"@type":"SearchAction","target":{"@type":"EntryPoint","urlTemplate":"https:\/\/www.meylanfleurs.com\/?s={search_term_string}"},"query-input":{"@type":"PropertyValueSpecification","valueRequired":true,"valueName":"search_term_string"}}],"inLanguage":"de-DE"}]}},"_links":{"self":[{"href":"https:\/\/www.meylanfleurs.com\/de\/wp-json\/wp\/v2\/product\/3065","targetHints":{"allow":["GET"]}}],"collection":[{"href":"https:\/\/www.meylanfleurs.com\/de\/wp-json\/wp\/v2\/product"}],"about":[{"href":"https:\/\/www.meylanfleurs.com\/de\/wp-json\/wp\/v2\/types\/product"}],"wp:featuredmedia":[{"embeddable":true,"href":"https:\/\/www.meylanfleurs.com\/de\/wp-json\/wp\/v2\/media\/3076"}],"wp:attachment":[{"href":"https:\/\/www.meylanfleurs.com\/de\/wp-json\/wp\/v2\/media?parent=3065"}],"wp:term":[{"taxonomy":"product_brand","embeddable":true,"href":"https:\/\/www.meylanfleurs.com\/de\/wp-json\/wp\/v2\/product_brand?post=3065"},{"taxonomy":"product_cat","embeddable":true,"href":"https:\/\/www.meylanfleurs.com\/de\/wp-json\/wp\/v2\/product_cat?post=3065"},{"taxonomy":"product_tag","embeddable":true,"href":"https:\/\/www.meylanfleurs.com\/de\/wp-json\/wp\/v2\/product_tag?post=3065"}],"curies":[{"name":"wp","href":"https:\/\/api.w.org\/{rel}","templated":true}]}}

<p>Célébrez les Femmes avec cette délicate composition florale de saison&#8230;</p>

<!-- This site is optimized with the Yoast SEO plugin v27.4 - https://yoast.com/product/yoast-seo-wordpress/ -->
<title>Je t&#039;aime Maman ! - Meylan Fleurs, Lausanne</title>
<meta name="robots" content="index, follow, max-snippet:-1, max-image-preview:large, max-video-preview:-1" />
<link rel="canonical" href="https://www.meylanfleurs.com/produit/fete-des-meres/" />
<meta property="og:locale" content="de_DE" />
<meta property="og:type" content="article" />
<meta property="og:title" content="Je t&#039;aime Maman ! - Meylan Fleurs, Lausanne" />
<meta property="og:description" content="Célébrez les Femmes avec cette délicate composition florale de saison&#8230;" />
<meta property="og:url" content="https://www.meylanfleurs.com/produit/fete-des-meres/" />
<meta property="og:site_name" content="Meylan Fleurs, Lausanne" />
<meta property="article:modified_time" content="2023-03-27T14:46:22+00:00" />
<meta property="og:image" content="https://www.meylanfleurs.com/wp-content/uploads/2021/05/gfdgfd-scaled.jpg" />
	<meta property="og:image:width" content="2422" />
	<meta property="og:image:height" content="2560" />
	<meta property="og:image:type" content="image/jpeg" />
<meta name="twitter:card" content="summary_large_image" />
<meta name="twitter:label1" content="Est. reading time" />
	<meta name="twitter:data1" content="1 minute" />
<script type="application/ld+json" class="yoast-schema-graph">{"@context":"https:\/\/schema.org","@graph":[{"@type":"WebPage","@id":"https:\/\/www.meylanfleurs.com\/produit\/fete-des-meres\/","url":"https:\/\/www.meylanfleurs.com\/produit\/fete-des-meres\/","name":"Je t'aime Maman ! - Meylan Fleurs, Lausanne","isPartOf":{"@id":"https:\/\/www.meylanfleurs.com\/#website"},"primaryImageOfPage":{"@id":"https:\/\/www.meylanfleurs.com\/produit\/fete-des-meres\/#primaryimage"},"image":{"@id":"https:\/\/www.meylanfleurs.com\/produit\/fete-des-meres\/#primaryimage"},"thumbnailUrl":"https:\/\/www.meylanfleurs.com\/wp-content\/uploads\/2021\/05\/gfdgfd-scaled.jpg","datePublished":"2021-05-03T16:58:06+00:00","dateModified":"2023-03-27T14:46:22+00:00","breadcrumb":{"@id":"https:\/\/www.meylanfleurs.com\/produit\/fete-des-meres\/#breadcrumb"},"inLanguage":"de-DE","potentialAction":[{"@type":"ReadAction","target":["https:\/\/www.meylanfleurs.com\/produit\/fete-des-meres\/"]}]},{"@type":"ImageObject","inLanguage":"de-DE","@id":"https:\/\/www.meylanfleurs.com\/produit\/fete-des-meres\/#primaryimage","url":"https:\/\/www.meylanfleurs.com\/wp-content\/uploads\/2021\/05\/gfdgfd-scaled.jpg","contentUrl":"https:\/\/www.meylanfleurs.com\/wp-content\/uploads\/2021\/05\/gfdgfd-scaled.jpg","width":2422,"height":2560},{"@type":"BreadcrumbList","@id":"https:\/\/www.meylanfleurs.com\/produit\/fete-des-meres\/#breadcrumb","itemListElement":[{"@type":"ListItem","position":1,"name":"Accueil","item":"https:\/\/www.meylanfleurs.com\/de\/"},{"@type":"ListItem","position":2,"name":"Shop","item":"https:\/\/www.meylanfleurs.com\/de\/shop\/"},{"@type":"ListItem","position":3,"name":"Je t&rsquo;aime Maman !"}]},{"@type":"WebSite","@id":"https:\/\/www.meylanfleurs.com\/#website","url":"https:\/\/www.meylanfleurs.com\/","name":"Meylan Fleurs, Lausanne","description":"Magasin de fleurs et atelier","potentialAction":[{"@type":"SearchAction","target":{"@type":"EntryPoint","urlTemplate":"https:\/\/www.meylanfleurs.com\/?s={search_term_string}"},"query-input":{"@type":"PropertyValueSpecification","valueRequired":true,"valueName":"search_term_string"}}],"inLanguage":"de-DE"}]}</script>
<!-- / Yoast SEO plugin. -->

Célébrez les Femmes avec cette délicate composition florale de saison&#8230;
